What are the prime factors of 38?
2, 19
List the prime factors of 84966.
2, 3, 7, 17
What are the prime factors of 18796?
2, 37, 127
List the prime factors of 1418.
2, 709
List the prime factors of 986.
2, 17, 29
List the prime factors of 612.
2, 3, 17
What are the prime factors of 39067?
7, 5581
List the prime factors of 3487.
11, 317
What are the prime factors of 5943?
3, 7, 283
List the prime factors of 2130.
2, 3, 5, 71
List the prime factors of 27114.
2, 3, 4519
List the prime factors of 58335.
3, 5, 3889
What are the prime factors of 3931?
3931
What are the prime factors of 8903?
29, 307
List the prime factors of 674.
2, 337
List the prime factors of 17674.
2, 8837
List the prime factors of 88876.
2, 17, 1307
List the prime factors of 56911.
56911
List the prime factors of 16738.
2, 8369
List the prime factors of 38343.
3, 12781
List the prime factors of 8771.
7, 179
List the prime factors of 3830.
2, 5, 383
List the prime factors of 12306.
2, 3, 7, 293
What are the prime factors of 4446?
2, 3, 13, 19
List the prime factors of 3885.
3, 5, 7, 37
List the prime factors of 3954.
2, 3, 659
List the prime factors of 294.
2, 3, 7
List the prime factors of 28779.
3, 53, 181
List the prime factors of 5595.
3, 5, 373
List the prime factors of 19171.
19, 1009
List the prime factors of 9151.
9151
What are the prime factors of 26185?
5, 5237
What are the prime factors of 1359?
3, 151
List the prime factors of 1423.
1423
What are the prime factors of 30911?
30911
What are the prime factors of 2206?
2, 1103
What are the prime factors of 19516?
2, 7, 17, 41
List the prime factors of 26278.
2, 7, 1877
What are the prime factors of 4712?
2, 19, 31
What are the prime factors of 2490?
2, 3, 5, 83
What are the prime factors of 2951?
13, 227
List the prime factors of 23265.
3, 5, 11, 47
List the prime factors of 62608.
2, 7, 13, 43
List the prime factors of 14228.
2, 3557
What are the prime factors of 17736?
2, 3, 739
List the prime factors of 1378.
2, 13, 53
List the prime factors of 353.
353
What are the prime factors of 9158?
2, 19, 241
What are the prime factors of 48721?
83, 587
List the prime factors of 117505.
5, 71, 331
What are the prime factors of 19501?
19501
What are the prime factors of 5481?
3, 7, 29
What are the prime factors of 84731?
84731
List the prime factors of 1979.
1979
What are the prime factors of 360?
2, 3, 5
What are the prime factors of 27804?
2, 3, 7, 331
List the prime factors of 4979.
13, 383
What are the prime factors of 5099?
5099
What are the prime factors of 12535?
5, 23, 109
List the prime factors of 4983.
3, 11, 151
List the prime factors of 94.
2, 47
What are the prime factors of 109153?
11, 9923
List the prime factors of 4298.
2, 7, 307
What are the prime factors of 13728?
2, 3, 11, 13
List the prime factors of 5700.
2, 3, 5, 19
What are the prime factors of 3818?
2, 23, 83
List the prime factors of 14049.
3, 7, 223
List the prime factors of 15303.
3, 5101
List the prime factors of 5880.
2, 3, 5, 7
List the prime factors of 4811.
17, 283
What are the prime factors of 13687?
13687
List the prime factors of 2276.
2, 569
What are the prime factors of 951?
3, 317
List the prime factors of 25835.
5, 5167
What are the prime factors of 14701?
61, 241
List the prime factors of 5130.
2, 3, 5, 19
List the prime factors of 90785.
5, 67, 271
List the prime factors of 119084.
2, 7, 4253
What are the prime factors of 17360?
2, 5, 7, 31
What are the prime factors of 249?
3, 83
What are the prime factors of 386?
2, 193
What are the prime factors of 207?
3, 23
List the prime factors of 7965.
3, 5, 59
List the prime factors of 10352.
2, 647
What are the prime factors of 24744?
2, 3, 1031
List the prime factors of 34438.
2, 67, 257
List the prime factors of 6046.
2, 3023
What are the prime factors of 3523?
13, 271
What are the prime factors of 2532?
2, 3, 211
What are the prime factors of 1307?
1307
List the prime factors of 16916.
2, 4229
List the prime factors of 2452.
2, 613
What are the prime factors of 146?
2, 73
List the prime factors of 7084.
2, 7, 11, 23
What are the prime factors of 4290?
2, 3, 5, 11, 13
What are the prime factors of 561?
3, 11, 17
What are the prime factors of 4888?
2, 13, 47
List the prime factors of 1572.
2, 3, 131
What are the prime factors of 4380?
2, 3, 5, 73
List the prime factors of 1424.
2, 89
List the prime factors of 2100.
2, 3, 5, 7
What are the prime factors of 1815?
3, 5, 11
List the prime factors of 1553.
1553
What are the prime factors of 31395?
3, 5, 7, 13, 23
List the prime factors of 4943.
4943
What are the prime factors of 25374?
2, 3, 4229
What are the prime factors of 507?
3, 13
What are the prime factors of 2819?
2819
What are the prime factors of 2729?
2729
What are the prime factors of 615?
3, 5, 41
What are the prime factors of 6074?
2, 3037
What are the prime factors of 16848?
2, 3, 13
What are the prime factors of 11003?
11003
List the prime factors of 30816.
2, 3, 107
List the prime factors of 1882.
2, 941
What are the prime factors of 729?
3
List the prime factors of 5611.
31, 181
List the prime factors of 658.
2, 7, 47
List the prime factors of 5118.
2, 3, 853
What are the prime factors of 26534?
2, 13267
What are the prime factors of 84184?
2, 17, 619
What are the prime factors of 5725?
5, 229
What are the prime factors of 2369?
23, 103
List the prime factors of 1364.
2, 11, 31
What are the prime factors of 4972?
2, 11, 113
What are the prime factors of 10755?
3, 5, 239
List the prime factors of 63941.
43, 1487
List the prime factors of 8064.
2, 3, 7
List the prime factors of 535.
5, 107
List the prime factors of 16913.
13, 1301
List the prime factors of 5314.
2, 2657
List the prime factors of 3849.
3, 1283
List the prime factors of 1784.
2, 223
What are the prime factors of 549?
3, 61
What are the prime factors of 39306?
2, 3, 6551
List the prime factors of 134741.
134741
What are the prime factors of 49964?
2, 12491
List the prime factors of 66701.
66701
What are the prime factors of 8478?
2, 3, 157
What are the prime factors of 1738?
2, 11, 79
What are the prime factors of 46629?
3, 11, 157
What are the prime factors of 971?
971
List the prime factors of 529.
23
List the prime factors of 762.
2, 3, 127
List the prime factors of 18829.
19, 991
List the prime factors of 96148.
2, 13, 43
List the prime factors of 633.
3, 211
What are the prime factors of 1331?
11
What are the prime factors of 802?
2, 401
What are the prime factors of 10848?
2, 3, 113
What are the prime factors of 12507?
3, 11, 379
List the prime factors of 949.
13, 73
What are the prime factors of 6900?
2, 3, 5, 23
What are the prime factors of 7422?
2, 3, 1237
What are the prime factors of 3207?
3, 1069
List the prime factors of 210.
2, 3, 5, 7
List the prime factors of 7832.
2, 11, 89
What are the prime factors of 54583?
54583
List the prime factors of 13288.
2, 11, 151
List the prime factors of 477.
3, 53
What are the prime factors of 118?
2, 59
What are the prime factors of 759?
3, 11, 23
What are the prime factors of 140791?
7, 20113
List the prime factors of 44473.
11, 13, 311
What are the prime factors of 1178?
2, 19, 31
What are the prime factors of 15408?
2, 3, 107
What are the prime factors of 34103?
67, 509
What are the prime factors of 25417?
7, 3631
What are the prime factors of 8296?
2, 17, 61
List the prime factors of 483.
3, 7, 23
List the prime factors of 2960.
2, 5, 37
What are the prime factors of 18543?
3, 7, 883
What are the prime factors of 3718?
2, 11, 13
What are the prime factors of 5455?
5, 1091
What are the prime factors of 1309?
7, 11, 17
What are the prime factors of 395?
5, 79
List the prime factors of 2293.
2293
What are the prime factors of 69125?
5, 7, 79
List the prime factors of 12427.
17, 43
List the prime factors of 27273.
3, 9091
List the prime factors of 7146.
2, 3, 397
List the prime factors of 108952.
2, 13619
What are the prime factors of 23167?
23167
What are the prime factors of 77745?
3, 5, 71, 73
List the prime factors of 7117.
11, 647
List the prime factors of 1723.
1723
What are the prime factors of 3468?
2, 3, 17
What are the prime factors of 7016?
2, 877
List the prime factors of 10810.
2, 5, 23, 47
What are the prime factors of 83392?
2, 1303
List the prime fa